10. Calculate n(8).
-6
Let m(o) = -o**2 + 27*o + 53. Calculate m(29).
-5
Let x(y) = y - 3. Give x(2).
-1
Let o(d) = -d**3 - 8*d**2 - 25*d - 308. Give o(-9).
-2
Let b(z) = -z**3 + 29*z**2 + 31*z - 26. Calculate b(30).
4
Let r(b) = 7*b - 5. What is r(11)?
72
Let g(z) = -2*z**2 - 14*z - 2. What is g(-7)?
-2
Let p(g) = -g**3 - 13*g**2 - 8*g + 32. What is p(-13)?
136
Let f(b) = 127*b - 896. Calculate f(7).
-7
Let r(v) = 2*v - 70. Calculate r(47).
24
Let t(k) = k**3 - 8*k**2 - 8*k + 4. Determine t(9).
13
Let b(p) = -p**2 + 12*p - 32. Calculate b(8).
0
Let u(q) = q**3 + 10*q**2 - 2*q - 6. Determine u(-10).
14
Let d(r) = -r**3 + 2*r**2 + 2*r - 1. What is d(3)?
-4
Let h(f) = -f**3 + 22*f**2 - 62*f + 93. Calculate h(19).
-2
Let t(o) = -5*o + 11. Give t(6).
-19
Let h(p) = 43*p + 296. Calculate h(-7).
-5
Let h(u) = 2*u**3 - 2*u**2 + u - 4. Determine h(0).
-4
Let h(t) = 2*t - 35. What is h(17)?
-1
Let h(c) = 5*c - 42. Calculate h(6).
-12
Let t(h) = h**3 + 10*h**2 + 10*h - 6. Determine t(-9).
-15
Let w(y) = 2*y**3 - 2*y**2 + y - 105. Determine w(0).
-105
Let x(v) = v**3 + 9*v**2 + v + 9. Determine x(-9).
0
Let z(l) = l**3 + l**2 - 2*l + 6. Calculate z(3).
36
Let o(s) = s**2 - 36*s - 35. Determine o(37).
2
Let j(o) = o**3 - 6*o**2 - 8*o + 6. Determine j(5).
-59
Let h(t) = t**3 - t + 23. Calculate h(0).
23
Let v(x) = -x**3 + 8*x**2 + 3*x - 11. Give v(8).
13
Let w(h) = -h**3 - 11*h**2 - 30*h - 17. Calculate w(-7).
-3
Let s(i) = -3*i**2 - 21*i + 2. What is s(-7)?
2
Let x(a) = -a**3 - 35*a**2 + a + 36. Determine x(-35).
1
Let w(n) = -19*n**3 - 2*n**2 + 2*n + 1. Determine w(1).
-18
Let q(m) = -m**2 + 9*m + 13. What is q(9)?
13
Let z(u) = -u**2 - 43*u - 443. Give z(-26).
-1
Let d(n) = -11*n**2 - 1. Determine d(-1).
-12
Let t(m) = -m**3 + 6*m**2 - 2*m + 1. Calculate t(4).
25
Let f(x) = -x**2 + 12*x - 21. Determine f(9).
6
Let z(w) = w**3 + w + 21. Determine z(0).
21
Let m(a) = -a**3 + a**2 + 1. Calculate m(0).
1
Let o(s) = 142*s + 148. What is o(-1)?
6
Let h(c) = 6*c**2 - 166*c + 112. Determine h(27).
4
Let m(n) = n**3 - n + 74. Give m(0).
74
Let u(a) = a**2 - 6*a + 8. Determine u(4).
0
Let c(x) = -2*x - 2. Give c(7).
-16
Let h(g) = -g**3 - 14*g**2 - 13*g - 1. Determine h(-13).
-1
Let k(p) = -p**3 - 3*p**2 + 3*p - 10. Calculate k(-5).
25
Let j(g) = -14*g + 56. What is j(4)?
0
Let x(j) = j**2 + 13*j + 18. Give x(-10).
-12
Let t(g) = -11*g + 41. Calculate t(5).
-14
Let t(o) = -o**2 + 12*o - 14. Calculate t(10).
6
Let j(a) = 12*a**2 - 84*a + 1. Determine j(7).
1
Let d(c) = -c**3 - 6*c**2 - 6*c + 4. Give d(-5).
9
Let w(u) = -u**2 + 16*u + 8. Calculate w(16).
8
Let q(p) = -12*p + 75. What is q(6)?
3
Let j(k) = k**2 + 13. What is j(-6)?
49
Let h(o) = o**3 + 8*o**2 - 21*o + 9. What is h(-10)?
19
Let h(u) = u**3 + 6*u**2 - 11*u + 5. Determine h(-8).
-35
Let g(h) = -4*h + 17. Determine g(12).
-31
Let x(t) = 32*t + 625. Determine x(-19).
17
Let f(k) = -k**2 + 3. Calculate f(-3).
-6
Let d(m) = m**3 - 16*m**2 + 27*m + 27. Calculate d(13).
-129
Let i(m) = -5*m - 142. Give i(-24).
-22
Let k(o) = -o**2 + 3*o + 309. Determine k(19).
5
Let d(b) = b**2 - 4*b - 13. Give d(-4).
19
Let w(a) = 6*a**3 - a**2 - 2*a + 3. What is w(2)?
43
Let k(l) = -l**2 - l + 7. What is k(4)?
-13
Let b(r) = r**3 - 28*r**2 - 29*r - 18. What is b(29)?
-18
Let n(v) = -2*v**3 + v**2 + 27*v - 7. Determine n(4).
-11
Let h(z) = -7*z - 22. Give h(-12).
62
Let c(u) = -29*u + 2. Calculate c(-1).
31
Let u(m) = m + 12. Determine u(-17).
-5
Let m(w) = -2*w**2 + 5*w - 11. Calculate m(2).
-9
Let k(f) = -f**3 - 2*f**2 + 2*f - 2. Calculate k(-3).
1
Let j(z) = 2*z**3 + z**2 - 7*z + 9. Calculate j(-3).
-15
Let m(p) = p**3 + 4. Give m(2).
12
Let n(p) = 2*p + 1. What is n(13)?
27
Let i(r) = r + 5. What is i(-7)?
-2
Let r(y) = -y**2 + 17*y - 76. Calculate r(9).
-4
Let m(o) = 2*o**2 - 2*o + 1. What is m(-2)?
13
Let p(u) = -45*u - 326. Give p(-7).
-11
Let u(f) = f**3 + 56*f**2 - 47*f + 574. What is u(-57)?
4
Let s(m) = m**2 + 9*m - 1. What is s(-8)?
-9
Let l(v) = -v - 9. Give l(-2).
-7
Let d(t) = t**3 + 8*t**2 + 3*t - 7. Give d(-7).
21
Let k(t) = -t**3 + 3*t**2 + 12*t + 3. Calculate k(-2).
-1
Let w(q) = q**2 + 14*q - 38. Give w(-15).
-23
Let n(g) = 6*g + 2. Determine n(-4).
-22
Let w(c) = -4*c**2 - 2*c + 1. What is w(1)?
-5
Let c(f) = 6*f**2 - 27*f + 3. Give c(4).
-9
Let t(b) = -6*b**2 - 9*b + 15. Calculate t(4).
-117
Let v(n) = -14*n - 26. Calculate v(-1).
-12
Let a(y) = y**3 + 21*y**2 + 39*y + 13. Calculate a(-19).
-6
Let y(s) = -61*s + 24. What is y(0)?
24
Let c(n) = -3*n - 35. Calculate c(-11).
-2
Let z(x) = 2*x - 2. Give z(-5).
-12
Let t(y) = y**2 + 23*y - 69. What is t(-26)?
9
Let n(m) = 16*m + 311. Calculate n(-20).
-9
Let d(k) = -7*k - 5. What is d(-2)?
9
Let y(z) = -z**3 - 5*z**2 + 9*z - 2. Calculate y(-7).
33
Let m(j) = -j**3 + 9*j**2 - 5*j - 28. Determine m(8).
-4
Let b(m) = 2*m - 6. Calculate b(-7).
-20
Let s(t) = -t**3 - t + 29. What is s(0)?
29
Let d(b) = b**2 + 11*b + 30. Determine d(-3).
6
Let l(j) = -2*j - 26. Determine l(-16).
6
Let j(q) = 8*q**3 - q**2 + 2*q - 1. Give j(1).
8
Let g(d) = -2*d - 2. Calculate g(5).
-12
Let r(q) = -20*q**3 - 3*q**2 - 2*q + 1. Calculate r(-1).
20
Let k(n) = 6*n - 44. Give k(2).
-32
Let y(b) = -b**3 + 24*b**2 - 25*b + 50. Calculate y(23).
4
Let d(p) = -4*p + 21. Give d(5).
1
Let m(n) = -15*n + 558. Give m(38).
-12
Let h(t) = t**3 - 16*t**2 + 20*t - 7. Determine h(15).
68
Let j(a) = 3*a**3 + 3*a**2 - 5*a - 10. Give j(-2).
-12
Let w(l) = -9*l - 15. Determine w(-2).
3
Let q(v) = -v**3 + 2*v**2 + 4*v + 3. Calculate q(3).
6
Let q(n) = -n**2 + 20*n - 18. Calculate q(15).
57
Let q(x) = -x**3 - 9*x**2 - 6. Give q(-9).
-6
Let w(j) = j**3 - 7*j**2 - 4*j - 27. Calculate w(8).
5
Let w(u) = -2*u**2 + 12*u - 17. What is w(7)?
-31
Let z(q) = 5*q + 5. Give z(15).
80
Let g(f) = f**2 - 2*f - 70. What is g(-8)?
10
Let z(t) = -8*t + 46. What is z(7)?
-10
Let j(c) = 2*c**2 + 11*c + 3. Give j(-7).
24
Let y(u) = 10*u - 39. Calculate y(6).
21
Let t(s) = -s**3 - 58*s**2 - 56*s + 69. Determine t(-57).
12
Let i(a) = a**3 + 11*a**2 - a - 21. Determine i(-11).
-10
Let f(a) = -a**2 + 10*a - 21. Calculate f(4).
3
Let d(j) = -j**3 + 9*j + 12. Determine d(0).
12
Let b(m) = m**3 - m**2 + 5*m - 10. Calculate b(2).
4
Let h(g) = g**3 - 12*g**2 + 11*g - 27. Determine h(11).
-27
Let r(w) = 6*w. Give r(-1).
-6
Let o(k) = 6*k + 7. What is o(-2)?
-5
Let n(u) = u**3 - 4*u**2 + 2*u - 38. What is n(5)?
-3
Let j(o) = -o**2 + 10*o - 22. What is j(6)?
2
Let q(s) = 4*s + 94. Calculate q(-19).
18
Let f(h) = -h**2 - 14*h + 49. Calculate f(-17).
-2
Let z(j) = -6*j - 6. Give z(0).
-6
Let b(p) = 3*p - 81. Calculate b(23).
-12
Let k(l) = -5*l + 21. Calculate k(6).
-9
Let l(n) = -n - 8. Determine l(-19).
11
Let j(p) = 3*p**2 + 10*p - 6. Calculate j(-8).
106
Let a(m) = -m**3 - 2*m**2 - m + 3. Determine a(-2).
5
Let c(l) = -2*l + 2. Give c(2).
-2
Let j(d) = 37*d**3 + d**2 + d - 1. Determine j(1).
38
Let j(d) = -d**3 + 6*d**2 + d - 11. What is j(6)?
-5
Let n(v) = -v**2 + 11*v + 121. What is n(-7)?
-5
Let q(d) = 2*d + 15. Determine q(-7).
1
Let k(p) = 9*p - 25. What is k(3)?
2
Let a(t) = 11*t + 7. Calculate a(-7).
-70
Let d(g) = -18*g - 6. What is d(2)?
-42
Let a(n) = 24*n**2 + 37*n - 3. Determine a(-2).
19
Let a(m) = 10*m - 4. Calculate a(3).
26
Let w(l) = -l + 4. Determine w(5).
-1
Let r(p) = 2*p**2 + 48*p - 82. What is r(-26)?
22
Let k(h) = h**2 + 8*h - 8. Determine k(-8).
-8
Let w(d) = -2*d**3 - 22*d**2 - 20*d - 6. Calculate w(-10).
-6
Let f(n) = n - 14. Determine f(7).
-7
Let c(u) = -u**3 + 26*u**2 + 23*u + 86. Determine c(27).
-22
Let g(s) = -5*s - 71. Determine g(-12).
-11
Let j(y) = 2*y**3 + 12*y**2 - 5*y - 27. Give j(-6).
3
Let h(l) = -l + 4. Give h(-10).
14
Let h(k) = 2*k**2 - 8*k + 3. What is h(4)?
3
Let f(t) = -3*t + 4. Give f(-1).
7
Let r(s) = s + 40. Determine r(-39).
1
Let x(v) = -v - 19. Calculate x(-6).
-13
Let s(m) = 2*m**2 + 11*m - 4. Give s(-6).
2
Let i(k) = -2*k - 40. Give i(-17).
-6
Let d(h) = -5*h**2 - h + 2. Give d(-2).
-16
Let q(z) = z**3 - 18*z**2 - 19*z - 8. Give q(19).
-8
Let b(k) = k + 35. What is b(-31)?
4
Let i(h) = h**3 - 2*h**2 + 2*h - 9. Calculate i(0).
-9
Let o(p) = -5*p - 67. Calculate o(9).
-112
Let c(u) = 4*u. Calculate c(11).
44
Let d(l) = -l**3 - 4*l**2 - l - 8. Determine d(-4).
-4
Let u(f) = 2*f 